{"id":20,"date":"2020-01-21T16:29:06","date_gmt":"2020-01-21T16:29:06","guid":{"rendered":"http:\/\/tvoits.com\/?page_id=20"},"modified":"2025-01-30T10:57:05","modified_gmt":"2025-01-30T09:57:05","slug":"contact","status":"publish","type":"page","link":"https:\/\/tvoits.com\/index.php\/contact\/","title":{"rendered":"Contact"},"content":{"rendered":"\n<p><strong>Email<\/strong>: <a href=\"mailto:toms.voits@psy.gu.se\">toms.voits@psy.gu.se<\/a><\/p>\n\n\n\n<p><strong>Bluesky:<\/strong> <a href=\"https:\/\/bsky.app\/profile\/tvoits.com\" target=\"_blank\" rel=\"noopener\" title=\"@tvoits.com\">@tvoits.com<\/a><\/p>\n\n\n\n<p><strong>Visiting address<\/strong>: Psykologiska institutionen, G\u00f6teborgs universitet, Haraldsgatan 1, 413 14 G\u00f6teborg, SWEDEN<\/p>\n\n\n\n<p><strong>Postal address<\/strong>: Box 500, 405 30 G\u00f6teborg, SWEDEN <\/p>\n\n\n\n<p><strong>Tel<\/strong>: +46 (0) 31-786 16 34<\/p>\n","protected":false},"excerpt":{"rendered":"<p>Email: toms.voits@psy.gu.se Bluesky: @tvoits.com Visiting address: Psykologiska institutionen, G\u00f6teborgs universitet, Haraldsgatan 1, 413 14 G\u00f6teborg, SWEDEN Postal address: Box 500, 405 30 G\u00f6teborg, SWEDEN Tel: +46 (0) 31-786 16 34<\/p>\n","protected":false},"author":1,"featured_media":0,"parent":0,"menu_order":0,"comment_status":"closed","ping_status":"closed","template":"","meta":{"om_disable_all_campaigns":false,"_monsterinsights_skip_tracking":false,"_monsterinsights_sitenote_active":false,"_monsterinsights_sitenote_note":"","_monsterinsights_sitenote_category":0,"_uf_show_specific_survey":0,"_uf_disable_surveys":false,"footnotes":""},"class_list":["post-20","page","type-page","status-publish","hentry"],"aioseo_notices":[],"_links":{"self":[{"href":"https:\/\/tvoits.com\/index.php\/wp-json\/wp\/v2\/pages\/20","targetHints":{"allow":["GET"]}}],"collection":[{"href":"https:\/\/tvoits.com\/index.php\/wp-json\/wp\/v2\/pages"}],"about":[{"href":"https:\/\/tvoits.com\/index.php\/wp-json\/wp\/v2\/types\/page"}],"author":[{"embeddable":true,"href":"https:\/\/tvoits.com\/index.php\/wp-json\/wp\/v2\/users\/1"}],"replies":[{"embeddable":true,"href":"https:\/\/tvoits.com\/index.php\/wp-json\/wp\/v2\/comments?post=20"}],"version-history":[{"count":24,"href":"https:\/\/tvoits.com\/index.php\/wp-json\/wp\/v2\/pages\/20\/revisions"}],"predecessor-version":[{"id":512,"href":"https:\/\/tvoits.com\/index.php\/wp-json\/wp\/v2\/pages\/20\/revisions\/512"}],"wp:attachment":[{"href":"https:\/\/tvoits.com\/index.php\/wp-json\/wp\/v2\/media?parent=20"}],"curies":[{"name":"wp","href":"https:\/\/api.w.org\/{rel}","templated":true}]}}